{"id":82,"date":"2025-05-28T10:02:49","date_gmt":"2025-05-28T08:02:49","guid":{"rendered":"https:\/\/cubswp.com\/all4sport\/?page_id=82"},"modified":"2025-05-28T10:20:10","modified_gmt":"2025-05-28T08:20:10","slug":"politica-de-privacidad","status":"publish","type":"page","link":"https:\/\/cubswp.com\/all4sport\/index.php\/politica-de-privacidad\/","title":{"rendered":"Pol\u00edtica de privacidad"},"content":{"rendered":"\n<h1 class=\"wp-block-heading\">1.&nbsp; Ley 34\/2002, de 11 de julio, de Servicios de la Sociedad de la Informaci\u00f3n y de Comercio Electr\u00f3nico (LSSICE)<\/h1>\n\n\n\n<p>En virtud de lo establecido en el art\u00edculo 10 de la Ley 34\/2002 de 11 de julio, de Servicios de la Sociedad de la Informaci\u00f3n y del Comercio Electr\u00f3nico (LSSICE) se informa al usuario que el titular de esta p\u00e1gina web es&nbsp;[<strong>Empresa<\/strong>]<strong>, <\/strong>inscrita en el [<strong>Registro<\/strong>], cuyos datos identificativos constan en el presente aviso legal (apartado protecci\u00f3n datos personales).&nbsp;<\/p>\n\n\n\n<h1 class=\"wp-block-heading\">2.&nbsp; Reglamento Europeo de Protecci\u00f3n de Datos Personales<\/h1>\n\n\n\n<h2 class=\"wp-block-heading\">\u00bfQui\u00e9n es el responsable del tratamiento de los datos personales recabados a trav\u00e9s de este sitio web?&nbsp;<\/h2>\n\n\n\n<p>En cumplimiento de lo establecido por el Reglamento (UE) 2016\/679, del Parlamento Europeo y del Consejo, de 27 de abril de 2016, relativo a la protecci\u00f3n de los datos de las personas f\u00edsicas en lo que respecta al tratamiento de datos personales y a la libre circulaci\u00f3n de estos datos, as\u00ed como lo establecido en la LEY 3\/2018 de Protecci\u00f3n de Datos Personales y Garant\u00eda de los Derechos Digitales, se informa a los usuarios de este sitio web que el responsable del tratamiento de sus datos es:&nbsp;<\/p>\n\n\n\n<ul class=\"wp-block-list\">\n<li>Denominaci\u00f3n comercial: <strong>[Dominio]<\/strong><\/li>\n\n\n\n<li>Denominaci\u00f3n social: <strong>[Empresa]<\/strong><\/li>\n\n\n\n<li>CIF: <strong>[CIF]<\/strong><\/li>\n\n\n\n<li>Domicilio social: <strong>[Domicilio]<\/strong><\/li>\n\n\n\n<li>Actividad social: <strong>[Actividad]<\/strong><\/li>\n<\/ul>\n\n\n\n<p>De acuerdo con lo establecido en la normativa europea de Protecci\u00f3n de datos personales,&nbsp;[<strong>Empresa<\/strong>]&nbsp;garantiza la protecci\u00f3n y confidencialidad de los datos personales proporcionados por los usuarios a trav\u00e9s de esta web, seg\u00fan lo establecido en la presente pol\u00edtica de protecci\u00f3n de datos, que debe haber aceptado en el formulario de contacto.<\/p>\n\n\n\n<p>Nuestra empresa garantiza la seguridad y confidencialidad en todas las comunicaciones con nuestros clientes a trav\u00e9s de un servidor seguro, basado en el est\u00e1ndar SSL que protege los datos frente a intentos de violaci\u00f3n por terceros.&nbsp;<\/p>\n\n\n\n<h2 class=\"wp-block-heading\">\u00bfQu\u00e9 datos personales trataremos y cu\u00e1l es la obligatoriedad a suministrarlos?&nbsp;<\/h2>\n\n\n\n<p>Siguiendo los principios de minimizaci\u00f3n de datos y privacidad por defecto, \u00fanicamente solicitaremos los datos necesarios para llevar a cabo la finalidad para la cual recaban, de manera que s\u00f3lo solicitaremos datos proporcionales y no excesivos a trav\u00e9s del formulario de contacto.<\/p>\n\n\n\n<p>La negativa por parte del usuario a proporcionar sus datos en dicho formulario o el suministro de datos incorrectos, impedir\u00e1 que podamos atender su solicitud, sin perjuicio de que pueda visualizar libremente el contenido del sitio web.&nbsp;<\/p>\n\n\n\n<p>De igual modo, le informamos que algunas de las funcionalidades de este sitio web permiten la geolocalizaci\u00f3n del dispositivo desde el cual se accede.&nbsp;<\/p>\n\n\n\n<h2 class=\"wp-block-heading\">\u00bfCon qu\u00e9 finalidad tratamos sus datos personales?&nbsp;<\/h2>\n\n\n\n<p>[<strong>Empresa<\/strong>]&nbsp;informa al usuario, que sus datos ser\u00e1n tratados con las siguientes finalidades:&nbsp;<\/p>\n\n\n\n<ol class=\"wp-block-list\">\n<li><strong>Gesti\u00f3n de consultas formuladas a trav\u00e9s de la web. <\/strong>Realizaremos los tratamientos de datos necesarios para la atenci\u00f3n de su solicitud de informaci\u00f3n, de manera que trataremos datos como su nombre, apellidos, DNI, e-mail, tel\u00e9fono, provincia, c\u00f3digo postal.\u00a0<\/li>\n\n\n\n<li><strong>Gesti\u00f3n de la navegaci\u00f3n del usuario a trav\u00e9s de la web (tratamiento de datos de cookies) <\/strong>sus datos se tratar\u00e1n conforme a la pol\u00edtica de cookies disponible en esta p\u00e1gina.\u00a0<\/li>\n\n\n\n<li><strong>Control inform\u00e1tico de la p\u00e1gina web<\/strong>. Realizaremos actuaciones de control del uso de la p\u00e1gina web para prevenir y detectar cualquier utilizaci\u00f3n indebida.\u00a0<\/li>\n\n\n\n<li><strong>Gesti\u00f3n de la suscripci\u00f3n a nuestra newsletter\/blog<\/strong>. Siempre que contemos con su expresa autorizaci\u00f3n, llevaremos a cabo las operaciones de tratamiento de sus datos para tramitar su suscripci\u00f3n a nuestros boletines informativos y newsletter.\u00a0<\/li>\n\n\n\n<li><strong>Comercio electr\u00f3nico<\/strong>. Realizaremos los tratamientos de datos necesarios para gestionar las compras efectuadas en el marco de este sitio web, incluyendo la gesti\u00f3n del pago y la remisi\u00f3n del pedido, para lo cual trataremos datos como su nombre, apellidos, DNI, e-mail, tel\u00e9fono, domicilio, provincia, c\u00f3digo postal y datos de tarjeta de cr\u00e9dito. Nuestra empresa garantiza la seguridad y confidencialidad en todas las comunicaciones con nuestros clientes. Todas las operaciones de pago on-line se realizan a trav\u00e9s de un servidor seguro, basado en el est\u00e1ndar SSL que protege los datos frente a intentos de violaci\u00f3n por terceros.\u00a0<\/li>\n<\/ol>\n\n\n\n<h2 class=\"wp-block-heading\">\u00bfCu\u00e1l es la base jur\u00eddica que permite el tratamiento de sus datos personales?&nbsp;<\/h2>\n\n\n\n<p>En los casos en que el usuario formule alguna consulta a trav\u00e9s de los formularios de contacto habilitados, la BASE JUR\u00cdDICA que legitima el tratamiento es el consentimiento expreso que se otorga al aceptar la presente pol\u00edtica de protecci\u00f3n de datos, mediante la marcaci\u00f3n de la casilla correspondiente habilitada a tal efecto.&nbsp;<\/p>\n\n\n\n<p>En el caso de compras v\u00eda online, la base jur\u00eddica que legitima el tratamiento de sus datos con dicha finalidad es la relaci\u00f3n contractual surgida entre&nbsp;[<strong>Empresa<\/strong>] y el comprador. Los formularios habilitados en este sitio web cuentan con una casilla de aceptaci\u00f3n, de manera que el usuario no lo marca, no podr\u00e1 enviar su informaci\u00f3n personal.&nbsp;<\/p>\n\n\n\n<p>En los casos en que el usuario se limite a visualizar el contenido de este sitio web sin que cumplimente datos identificativos en el formulario de contacto ni realice compra alguna, la BASE JUR\u00cdDICA para el tratamiento es el inter\u00e9s leg\u00edtimo del responsable, concretamente nuestro inter\u00e9s en garantizar un buen uso y funcionamiento del servicio.&nbsp;<\/p>\n\n\n\n<h2 class=\"wp-block-heading\">\u00bfPor cu\u00e1nto tiempo conservaremos sus datos?&nbsp;<\/h2>\n\n\n\n<p>Sus datos personales se tratar\u00e1n durante el tiempo necesario para la atenci\u00f3n de su consulta o petici\u00f3n. Si finalmente usted llega a adquirir nuestros productos, trataremos sus datos hasta el cumplimiento del plazo de prescripci\u00f3n de responsabilidades nacidas del tratamiento.&nbsp;<\/p>\n\n\n\n<h2 class=\"wp-block-heading\">\u00bfA qui\u00e9nes comunicaremos sus datos?&nbsp;<\/h2>\n\n\n\n<p>Comunicaremos sus datos personales a Organismos P\u00fablicos para el cumplimiento de obligaciones legales y en su caso a nuestros proveedores de hosting y de servicios tecnol\u00f3gicos y en el caso de que realice compras a trav\u00e9s de esta p\u00e1gina cederemos sus datos a la empresa de Logista que se encargar\u00e1 de la entrega del pedido en su domicilio, lo que implica comunicar su nombre, apellidos, DNI, tel\u00e9fono y domicilio.&nbsp;<\/p>\n\n\n\n<p>En nuestra web te ofrecemos enlaces con diferentes redes sociales. Si eres miembro de una red social y haces clic sobre el correspondiente enlace, el proveedor de la red social podr\u00e1 enlazar tus datos de perfil con la informaci\u00f3n en tu visita a la web. Por tanto, es conveniente que te informes sobre las funciones y pol\u00edticas sobre el tratamiento de datos personales de la respectiva red social.&nbsp;<\/p>\n\n\n\n<h2 class=\"wp-block-heading\">\u00bfLe enviaremos comunicaciones comerciales?&nbsp;<\/h2>\n\n\n\n<p>Solamente si contamos con su consentimiento expreso, le remitiremos comunicaciones relativas a nuestros productos\/servicios, a trav\u00e9s de correo postal y por medios electr\u00f3nicos (e-mail, SMS) en base al <strong>consentimiento <\/strong>solicitado por nuestra empresa y otorgado por el usuario previamente. De no contar con su consentimiento expreso, en ning\u00fan caso le remitiremos dichas comunicaciones. As\u00ed mismo, le informamos que, de haber otorgado su consentimiento, el mismo podr\u00e1 retirarse sin que produzca efectos retroactivos, dirigi\u00e9ndose a la direcci\u00f3n postal o electr\u00f3nica que figura en este sitio web. Dejaremos de enviar comunicaciones comerciales desde el momento en que el usuario solicite su baja.&nbsp;<\/p>\n\n\n\n<h2 class=\"wp-block-heading\">\u00bfC\u00f3mo hemos obtenido tus datos?&nbsp;<\/h2>\n\n\n\n<p>Los datos personales se han obtenido a trav\u00e9s del formulario de contacto habilitado en este sitio web y\/o a trav\u00e9s del carrito de compra.&nbsp;<\/p>\n\n\n\n<h2 class=\"wp-block-heading\">\u00bfC\u00f3mo puede el usuario revocar su consentimiento?&nbsp;<\/h2>\n\n\n\n<p>El usuario puede desde este momento y en cualquier otro posterior retirar el consentimiento otorgado para el tratamiento de sus datos, mediante comunicaci\u00f3n dirigida a: [<strong>Email<\/strong>], el cual no tendr\u00e1 en ning\u00fan caso efectos retroactivos.&nbsp;<\/p>\n\n\n\n<h2 class=\"wp-block-heading\">\u00bfCu\u00e1les son sus derechos en protecci\u00f3n de datos?&nbsp;<\/h2>\n\n\n\n<p>Usted puede ejercitar, si lo desea, los derechos de acceso, rectificaci\u00f3n y supresi\u00f3n de datos, limitaci\u00f3n del tratamiento, portabilidad y oposici\u00f3n a trav\u00e9s de comunicaci\u00f3n dirigida a nuestro domicilio o mediante correo electr\u00f3nico enviado a la direcci\u00f3n:&nbsp;[<strong>Email<\/strong>].De igual modo, tiene derecho a presentar reclamaci\u00f3n ante la Agencia Espa\u00f1ola de Protecci\u00f3n de Datos si considera que se han vulnerado sus derechos en materia de protecci\u00f3n de datos personales.&nbsp;<\/p>\n\n\n\n<h2 class=\"wp-block-heading\">Listado de Cookies<\/h2>\n\n\n\n<p>[La siguiente redacci\u00f3n requiere personalizar el enlace a la p\u00e1gina mencionada]<\/p>\n\n\n\n<p>En nuestra p\u00e1gina de Pol\u00edtica de Cookies podr\u00e1 consultar el listado de las cookies utilizadas por nuestra web y la finalidad de cada una de ellas.<\/p>\n","protected":false},"excerpt":{"rendered":"<p>1.&nbsp; Ley 34\/2002, de 11 de julio, de Servicios de la Sociedad de la Informaci\u00f3n y de Comercio Electr\u00f3nico (LSSICE) [&hellip;]<\/p>\n","protected":false},"author":1,"featured_media":0,"parent":0,"menu_order":0,"comment_status":"closed","ping_status":"closed","template":"","meta":{"_uag_custom_page_level_css":"","site-sidebar-layout":"default","site-content-layout":"","ast-site-content-layout":"default","site-content-style":"default","site-sidebar-style":"default","ast-global-header-display":"","ast-banner-title-visibility":"","ast-main-header-display":"","ast-hfb-above-header-display":"","ast-hfb-below-header-display":"","ast-hfb-mobile-header-display":"","site-post-title":"","ast-breadcrumbs-content":"","ast-featured-img":"","footer-sml-layout":"","ast-disable-related-posts":"","theme-transparent-header-meta":"","adv-header-id-meta":"","stick-header-meta":"","header-above-stick-meta":"","header-main-stick-meta":"","header-below-stick-meta":"","astra-migrate-meta-layouts":"default","ast-page-background-enabled":"default","ast-page-background-meta":{"desktop":{"background-color":"var(--ast-global-color-5)","background-image":"","background-repeat":"repeat","background-position":"center center","background-size":"auto","background-attachment":"scroll","background-type":"","background-media":"","overlay-type":"","overlay-color":"","overlay-opacity":"","overlay-gradient":""},"tablet":{"background-color":"","background-image":"","background-repeat":"repeat","background-position":"center center","background-size":"auto","background-attachment":"scroll","background-type":"","background-media":"","overlay-type":"","overlay-color":"","overlay-opacity":"","overlay-gradient":""},"mobile":{"background-color":"","background-image":"","background-repeat":"repeat","background-position":"center center","background-size":"auto","background-attachment":"scroll","background-type":"","background-media":"","overlay-type":"","overlay-color":"","overlay-opacity":"","overlay-gradient":""}},"ast-content-background-meta":{"desktop":{"background-color":"var(--ast-global-color-4)","background-image":"","background-repeat":"repeat","background-position":"center center","background-size":"auto","background-attachment":"scroll","background-type":"","background-media":"","overlay-type":"","overlay-color":"","overlay-opacity":"","overlay-gradient":""},"tablet":{"background-color":"var(--ast-global-color-4)","background-image":"","background-repeat":"repeat","background-position":"center center","background-size":"auto","background-attachment":"scroll","background-type":"","background-media":"","overlay-type":"","overlay-color":"","overlay-opacity":"","overlay-gradient":""},"mobile":{"background-color":"var(--ast-global-color-4)","background-image":"","background-repeat":"repeat","background-position":"center center","background-size":"auto","background-attachment":"scroll","background-type":"","background-media":"","overlay-type":"","overlay-color":"","overlay-opacity":"","overlay-gradient":""}},"footnotes":""},"class_list":["post-82","page","type-page","status-publish","hentry"],"uagb_featured_image_src":{"full":false,"thumbnail":false,"medium":false,"medium_large":false,"large":false,"1536x1536":false,"2048x2048":false,"woocommerce_thumbnail":false,"woocommerce_single":false,"woocommerce_gallery_thumbnail":false},"uagb_author_info":{"display_name":"admin","author_link":"https:\/\/cubswp.com\/all4sport\/index.php\/author\/admin_all4sport\/"},"uagb_comment_info":0,"uagb_excerpt":"1.&nbsp; Ley 34\/2002, de 11 de julio, de Servicios de la Sociedad de la Informaci\u00f3n y de Comercio Electr\u00f3nico (LSSICE) [&hellip;]","_links":{"self":[{"href":"https:\/\/cubswp.com\/all4sport\/index.php\/wp-json\/wp\/v2\/pages\/82","targetHints":{"allow":["GET"]}}],"collection":[{"href":"https:\/\/cubswp.com\/all4sport\/index.php\/wp-json\/wp\/v2\/pages"}],"about":[{"href":"https:\/\/cubswp.com\/all4sport\/index.php\/wp-json\/wp\/v2\/types\/page"}],"author":[{"embeddable":true,"href":"https:\/\/cubswp.com\/all4sport\/index.php\/wp-json\/wp\/v2\/users\/1"}],"replies":[{"embeddable":true,"href":"https:\/\/cubswp.com\/all4sport\/index.php\/wp-json\/wp\/v2\/comments?post=82"}],"version-history":[{"count":2,"href":"https:\/\/cubswp.com\/all4sport\/index.php\/wp-json\/wp\/v2\/pages\/82\/revisions"}],"predecessor-version":[{"id":99,"href":"https:\/\/cubswp.com\/all4sport\/index.php\/wp-json\/wp\/v2\/pages\/82\/revisions\/99"}],"wp:attachment":[{"href":"https:\/\/cubswp.com\/all4sport\/index.php\/wp-json\/wp\/v2\/media?parent=82"}],"curies":[{"name":"wp","href":"https:\/\/api.w.org\/{rel}","templated":true}]}}