{"id":87,"date":"2025-05-30T15:12:38","date_gmt":"2025-05-30T15:12:38","guid":{"rendered":"https:\/\/cubswp.com\/brumafest\/?page_id=87"},"modified":"2025-06-01T21:33:27","modified_gmt":"2025-06-01T21:33:27","slug":"zona-experiencias","status":"publish","type":"page","link":"https:\/\/cubswp.com\/brumafest\/index.php\/zona-experiencias\/","title":{"rendered":"Zona experiencias"},"content":{"rendered":"\n<div class=\"wp-block-uagb-container uagb-block-e75aacf4 alignfull uagb-is-root-container\"><div class=\"uagb-container-inner-blocks-wrap\">\n<div data-aos= \"zoom-in\" data-aos-duration=\"400\" data-aos-delay=\"0\" data-aos-easing=\"ease\" data-aos-once=\"true\" class=\"wp-block-uagb-container uagb-block-31938666\">\n<p class=\"has-text-align-center has-ast-global-color-5-color has-text-color has-background has-link-color has-medium-font-size wp-elements-6c59c549a459ef2de738eea90b19ef92\" style=\"border-radius:9px;background-color:#8c4547c2;padding-top:var(--wp--preset--spacing--30);padding-right:var(--wp--preset--spacing--30);padding-bottom:var(--wp--preset--spacing--30);padding-left:var(--wp--preset--spacing--30)\"><strong>VIVE LA EXPERIENCIA COMPLETA<\/strong><\/p>\n<\/div>\n\n\n\n<div data-aos= \"zoom-in\" data-aos-duration=\"400\" data-aos-delay=\"0\" data-aos-easing=\"ease\" data-aos-once=\"true\" class=\"wp-block-uagb-container uagb-block-54284ef4\">\n<p class=\"has-text-align-center has-ast-global-color-5-color has-text-color has-background has-link-color has-medium-font-size wp-elements-6047b00c327f3dba8aa8b13f4fed78e5\" style=\"border-radius:9px;background-color:#8c4547c2;padding-top:var(--wp--preset--spacing--40);padding-right:var(--wp--preset--spacing--30);padding-bottom:var(--wp--preset--spacing--40);padding-left:var(--wp--preset--spacing--30)\"><strong>COMIDA, ESTILO Y RECUERDOS \u00daNICOS<\/strong><\/p>\n<\/div>\n<\/div><\/div>\n\n\n\n<div data-aos= \"fade\" data-aos-duration=\"400\" data-aos-delay=\"0\" data-aos-easing=\"ease\" data-aos-once=\"true\" class=\"wp-block-uagb-container uagb-block-3f5c4d71 default uagb-is-root-container\">\n<div class=\"wp-block-uagb-container uagb-block-a796f3f5\">\n<figure class=\"wp-block-image size-large has-custom-border\" style=\"margin-top:var(--wp--preset--spacing--30);margin-bottom:var(--wp--preset--spacing--30)\"><img loading=\"lazy\" decoding=\"async\" width=\"1024\" height=\"683\" src=\"https:\/\/cubswp.com\/brumafest\/wp-content\/uploads\/2025\/05\/pexels-photo-2227960-2227960-1024x683.jpg\" alt=\"Crowd enjoying fish and chips at a lively food truck with urban buildings in the background.\" class=\"wp-image-89\" style=\"border-style:none;border-width:0px;border-radius:30px\" srcset=\"https:\/\/cubswp.com\/brumafest\/wp-content\/uploads\/2025\/05\/pexels-photo-2227960-2227960-1024x683.jpg 1024w, https:\/\/cubswp.com\/brumafest\/wp-content\/uploads\/2025\/05\/pexels-photo-2227960-2227960-300x200.jpg 300w, https:\/\/cubswp.com\/brumafest\/wp-content\/uploads\/2025\/05\/pexels-photo-2227960-2227960-768x512.jpg 768w, https:\/\/cubswp.com\/brumafest\/wp-content\/uploads\/2025\/05\/pexels-photo-2227960-2227960-1536x1024.jpg 1536w, https:\/\/cubswp.com\/brumafest\/wp-content\/uploads\/2025\/05\/pexels-photo-2227960-2227960-2048x1365.jpg 2048w\" sizes=\"auto, (max-width: 1024px) 100vw, 1024px\" \/><\/figure>\n<\/div>\n\n\n\n<div class=\"wp-block-uagb-container uagb-block-7d376741\">\n<div class=\"wp-block-uagb-advanced-heading uagb-block-3cd9c349\"><h1 class=\"uagb-heading-text\">FOOD TRUCKS<\/h1><\/div>\n\n\n\n<p class=\"has-text-color has-background has-link-color wp-elements-9119d361bd9523792face7a7609cdfb6\" style=\"border-width:1px;border-radius:10px;color:#470b0b;background-color:#8c45473b;margin-top:0;margin-right:0;margin-bottom:0;margin-left:0;padding-top:var(--wp--preset--spacing--20);padding-right:var(--wp--preset--spacing--30);padding-bottom:var(--wp--preset--spacing--20);padding-left:var(--wp--preset--spacing--30)\">Sabores que van con el ritmo. Desde smash burgers hasta opciones veggies. Algunos de los que podr\u00e1s disfrutar:<\/p>\n\n\n\n<div class=\"wp-block-uagb-icon-list uagb-block-532ea5ed\"><div class=\"uagb-icon-list__wrap\">\n<div class=\"wp-block-uagb-icon-list-child uagb-block-c09b8680\"><span class=\"uagb-icon-list__source-wrap\"><svg xmlns=\"https:\/\/www.w3.org\/2000\/svg\" viewBox=\"0 0 512 512\"><path d=\"M481.9 270.1C490.9 279.1 496 291.3 496 304C496 316.7 490.9 328.9 481.9 337.9C472.9 346.9 460.7 352 448 352H64C51.27 352 39.06 346.9 30.06 337.9C21.06 328.9 16 316.7 16 304C16 291.3 21.06 279.1 30.06 270.1C39.06 261.1 51.27 256 64 256H448C460.7 256 472.9 261.1 481.9 270.1zM475.3 388.7C478.3 391.7 480 395.8 480 400V416C480 432.1 473.3 449.3 461.3 461.3C449.3 473.3 432.1 480 416 480H96C79.03 480 62.75 473.3 50.75 461.3C38.74 449.3 32 432.1 32 416V400C32 395.8 33.69 391.7 36.69 388.7C39.69 385.7 43.76 384 48 384H464C468.2 384 472.3 385.7 475.3 388.7zM50.39 220.8C45.93 218.6 42.03 215.5 38.97 211.6C35.91 207.7 33.79 203.2 32.75 198.4C31.71 193.5 31.8 188.5 32.99 183.7C54.98 97.02 146.5 32 256 32C365.5 32 457 97.02 479 183.7C480.2 188.5 480.3 193.5 479.2 198.4C478.2 203.2 476.1 207.7 473 211.6C469.1 215.5 466.1 218.6 461.6 220.8C457.2 222.9 452.3 224 447.3 224H64.67C59.73 224 54.84 222.9 50.39 220.8zM372.7 116.7C369.7 119.7 368 123.8 368 128C368 131.2 368.9 134.3 370.7 136.9C372.5 139.5 374.1 141.6 377.9 142.8C380.8 143.1 384 144.3 387.1 143.7C390.2 143.1 393.1 141.6 395.3 139.3C397.6 137.1 399.1 134.2 399.7 131.1C400.3 128 399.1 124.8 398.8 121.9C397.6 118.1 395.5 116.5 392.9 114.7C390.3 112.9 387.2 111.1 384 111.1C379.8 111.1 375.7 113.7 372.7 116.7V116.7zM244.7 84.69C241.7 87.69 240 91.76 240 96C240 99.16 240.9 102.3 242.7 104.9C244.5 107.5 246.1 109.6 249.9 110.8C252.8 111.1 256 112.3 259.1 111.7C262.2 111.1 265.1 109.6 267.3 107.3C269.6 105.1 271.1 102.2 271.7 99.12C272.3 96.02 271.1 92.8 270.8 89.88C269.6 86.95 267.5 84.45 264.9 82.7C262.3 80.94 259.2 79.1 256 79.1C251.8 79.1 247.7 81.69 244.7 84.69V84.69zM116.7 116.7C113.7 119.7 112 123.8 112 128C112 131.2 112.9 134.3 114.7 136.9C116.5 139.5 118.1 141.6 121.9 142.8C124.8 143.1 128 144.3 131.1 143.7C134.2 143.1 137.1 141.6 139.3 139.3C141.6 137.1 143.1 134.2 143.7 131.1C144.3 128 143.1 124.8 142.8 121.9C141.6 118.1 139.5 116.5 136.9 114.7C134.3 112.9 131.2 111.1 128 111.1C123.8 111.1 119.7 113.7 116.7 116.7L116.7 116.7z\"><\/path><\/svg><\/span><span class=\"uagb-icon-list__label\">Goiko<\/span><\/div>\n\n\n\n<div class=\"wp-block-uagb-icon-list-child uagb-block-10758dc7\"><span class=\"uagb-icon-list__source-wrap\"><svg xmlns=\"https:\/\/www.w3.org\/2000\/svg\" viewBox=\"0 0 512 512\"><path d=\"M481.9 270.1C490.9 279.1 496 291.3 496 304C496 316.7 490.9 328.9 481.9 337.9C472.9 346.9 460.7 352 448 352H64C51.27 352 39.06 346.9 30.06 337.9C21.06 328.9 16 316.7 16 304C16 291.3 21.06 279.1 30.06 270.1C39.06 261.1 51.27 256 64 256H448C460.7 256 472.9 261.1 481.9 270.1zM475.3 388.7C478.3 391.7 480 395.8 480 400V416C480 432.1 473.3 449.3 461.3 461.3C449.3 473.3 432.1 480 416 480H96C79.03 480 62.75 473.3 50.75 461.3C38.74 449.3 32 432.1 32 416V400C32 395.8 33.69 391.7 36.69 388.7C39.69 385.7 43.76 384 48 384H464C468.2 384 472.3 385.7 475.3 388.7zM50.39 220.8C45.93 218.6 42.03 215.5 38.97 211.6C35.91 207.7 33.79 203.2 32.75 198.4C31.71 193.5 31.8 188.5 32.99 183.7C54.98 97.02 146.5 32 256 32C365.5 32 457 97.02 479 183.7C480.2 188.5 480.3 193.5 479.2 198.4C478.2 203.2 476.1 207.7 473 211.6C469.1 215.5 466.1 218.6 461.6 220.8C457.2 222.9 452.3 224 447.3 224H64.67C59.73 224 54.84 222.9 50.39 220.8zM372.7 116.7C369.7 119.7 368 123.8 368 128C368 131.2 368.9 134.3 370.7 136.9C372.5 139.5 374.1 141.6 377.9 142.8C380.8 143.1 384 144.3 387.1 143.7C390.2 143.1 393.1 141.6 395.3 139.3C397.6 137.1 399.1 134.2 399.7 131.1C400.3 128 399.1 124.8 398.8 121.9C397.6 118.1 395.5 116.5 392.9 114.7C390.3 112.9 387.2 111.1 384 111.1C379.8 111.1 375.7 113.7 372.7 116.7V116.7zM244.7 84.69C241.7 87.69 240 91.76 240 96C240 99.16 240.9 102.3 242.7 104.9C244.5 107.5 246.1 109.6 249.9 110.8C252.8 111.1 256 112.3 259.1 111.7C262.2 111.1 265.1 109.6 267.3 107.3C269.6 105.1 271.1 102.2 271.7 99.12C272.3 96.02 271.1 92.8 270.8 89.88C269.6 86.95 267.5 84.45 264.9 82.7C262.3 80.94 259.2 79.1 256 79.1C251.8 79.1 247.7 81.69 244.7 84.69V84.69zM116.7 116.7C113.7 119.7 112 123.8 112 128C112 131.2 112.9 134.3 114.7 136.9C116.5 139.5 118.1 141.6 121.9 142.8C124.8 143.1 128 144.3 131.1 143.7C134.2 143.1 137.1 141.6 139.3 139.3C141.6 137.1 143.1 134.2 143.7 131.1C144.3 128 143.1 124.8 142.8 121.9C141.6 118.1 139.5 116.5 136.9 114.7C134.3 112.9 131.2 111.1 128 111.1C123.8 111.1 119.7 113.7 116.7 116.7L116.7 116.7z\"><\/path><\/svg><\/span><span class=\"uagb-icon-list__label\">Veggie burguer<\/span><\/div>\n\n\n\n<div class=\"wp-block-uagb-icon-list-child uagb-block-576a5d6b\"><span class=\"uagb-icon-list__source-wrap\"><svg xmlns=\"https:\/\/www.w3.org\/2000\/svg\" viewBox=\"0 0 576 512\"><path d=\"M180.5 141.5C219.7 108.5 272.6 80 336 80C399.4 80 452.3 108.5 491.5 141.5C530.5 174.5 558.3 213.1 572.4 241.3C577.2 250.5 577.2 261.5 572.4 270.7C558.3 298 530.5 337.5 491.5 370.5C452.3 403.5 399.4 432 336 432C272.6 432 219.7 403.5 180.5 370.5C164.3 356.7 150 341.9 137.8 327.3L48.12 379.6C35.61 386.9 19.76 384.9 9.474 374.7C-.8133 364.5-2.97 348.7 4.216 336.1L50 256L4.216 175.9C-2.97 163.3-.8133 147.5 9.474 137.3C19.76 127.1 35.61 125.1 48.12 132.4L137.8 184.7C150 170.1 164.3 155.3 180.5 141.5L180.5 141.5zM416 224C398.3 224 384 238.3 384 256C384 273.7 398.3 288 416 288C433.7 288 448 273.7 448 256C448 238.3 433.7 224 416 224z\"><\/path><\/svg><\/span><span class=\"uagb-icon-list__label\">Tokyo sushi<\/span><\/div>\n\n\n\n<div class=\"wp-block-uagb-icon-list-child uagb-block-01d10e38\"><span class=\"uagb-icon-list__source-wrap\"><svg xmlns=\"https:\/\/www.w3.org\/2000\/svg\" viewBox=\"0 0 512 512\"><path d=\"M100.4 112.3L.5101 491.7c-1.375 5.625 .1622 11.6 4.287 15.6c4.127 4.125 10.13 5.744 15.63 4.119l379.1-105.1C395.3 231.4 276.5 114.1 100.4 112.3zM127.1 416c-17.62 0-32-14.38-32-31.1c0-17.62 14.39-32 32.01-32c17.63 0 32 14.38 32 31.1C160 401.6 145.6 416 127.1 416zM175.1 271.1c-17.63 0-32-14.38-32-32c0-17.62 14.38-31.1 32-31.1c17.62 0 32 14.38 32 31.1C208 257.6 193.6 271.1 175.1 271.1zM272 367.1c-17.62 0-32-14.38-32-31.1c0-17.62 14.38-32 32-32c17.63 0 32 14.38 32 32C304 353.6 289.6 367.1 272 367.1zM158.9 .1406c-16.13-1.5-31.25 8.501-35.38 24.12L108.7 80.52c187.6 5.5 314.5 130.6 322.5 316.1l56.88-15.75c15.75-4.375 25.5-19.62 23.63-35.87C490.9 165.1 340.8 17.39 158.9 .1406z\"><\/path><\/svg><\/span><span class=\"uagb-icon-list__label\">Telepizza<\/span><\/div>\n<\/div><\/div>\n<\/div>\n<\/div>\n\n\n\n<div style=\"height:50px\" aria-hidden=\"true\" class=\"wp-block-spacer\"><\/div>\n\n\n\n<div data-aos= \"fade\" data-aos-duration=\"400\" data-aos-delay=\"0\" data-aos-easing=\"ease\" data-aos-once=\"true\" class=\"wp-block-uagb-container uagb-block-2ddaada4 alignfull uagb-is-root-container\"><div class=\"uagb-container-inner-blocks-wrap\">\n<div class=\"wp-block-uagb-container uagb-block-b6d08406\">\n<div class=\"wp-block-uagb-advanced-heading uagb-block-9713a411\"><h1 class=\"uagb-heading-text\">MAKE-UP ZONE<\/h1><\/div>\n\n\n\n<p class=\"has-text-align-center has-text-color has-background has-link-color wp-elements-f66e18af16fcdbd0ad64ea4f05ded1c8\" style=\"border-style:none;border-width:0px;border-radius:10px;color:#470b0b;background-color:#8c454700;margin-top:var(--wp--preset--spacing--50);margin-right:var(--wp--preset--spacing--40);margin-bottom:var(--wp--preset--spacing--50);margin-left:var(--wp--preset--spacing--40);padding-top:var(--wp--preset--spacing--30);padding-right:var(--wp--preset--spacing--30);padding-bottom:var(--wp--preset--spacing--30);padding-left:var(--wp--preset--spacing--30)\">Brilla a tu manera!  Con marcas como <strong>Maybelline<\/strong>, <strong>MAC<\/strong> y <strong>NYX<\/strong>, te preparamos para brillar con tu mejor look festivalero. \u00a1Desde glitter, delineados power, hasta colores atrevidos que gritan libertad! Y lo mejor de todo: \u00a1Es totalmente gratis!<\/p>\n\n\n\n<figure class=\"wp-block-gallery has-nested-images columns-3 is-cropped wp-block-gallery-1 is-layout-flex wp-block-gallery-is-layout-flex\" style=\"border-style:none;border-width:0px;border-radius:0px;margin-top:-70px;margin-right:0;margin-bottom:-70px;margin-left:0;padding-top:0;padding-right:var(--wp--preset--spacing--30);padding-bottom:0;padding-left:var(--wp--preset--spacing--30)\">\n<figure class=\"wp-block-image size-medium\" style=\"margin-top:var(--wp--preset--spacing--70);margin-right:0;margin-bottom:var(--wp--preset--spacing--70);margin-left:0\"><img loading=\"lazy\" decoding=\"async\" width=\"300\" height=\"133\" data-id=\"93\" src=\"https:\/\/cubswp.com\/brumafest\/wp-content\/uploads\/2025\/05\/R-300x133.png\" alt=\"\" class=\"wp-image-93\" srcset=\"https:\/\/cubswp.com\/brumafest\/wp-content\/uploads\/2025\/05\/R-300x133.png 300w, https:\/\/cubswp.com\/brumafest\/wp-content\/uploads\/2025\/05\/R-1024x455.png 1024w, https:\/\/cubswp.com\/brumafest\/wp-content\/uploads\/2025\/05\/R-768x341.png 768w, https:\/\/cubswp.com\/brumafest\/wp-content\/uploads\/2025\/05\/R-1536x683.png 1536w, https:\/\/cubswp.com\/brumafest\/wp-content\/uploads\/2025\/05\/R-2048x910.png 2048w\" sizes=\"auto, (max-width: 300px) 100vw, 300px\" \/><\/figure>\n\n\n\n<figure class=\"wp-block-image size-medium\" style=\"margin-top:var(--wp--preset--spacing--80);margin-bottom:var(--wp--preset--spacing--80)\"><img loading=\"lazy\" decoding=\"async\" width=\"300\" height=\"58\" data-id=\"92\" src=\"https:\/\/cubswp.com\/brumafest\/wp-content\/uploads\/2025\/05\/OIP-300x58.jpg\" alt=\"\" class=\"wp-image-92\" srcset=\"https:\/\/cubswp.com\/brumafest\/wp-content\/uploads\/2025\/05\/OIP-300x58.jpg 300w, https:\/\/cubswp.com\/brumafest\/wp-content\/uploads\/2025\/05\/OIP.jpg 474w\" sizes=\"auto, (max-width: 300px) 100vw, 300px\" \/><\/figure>\n\n\n\n<figure class=\"wp-block-image size-medium\" style=\"margin-top:var(--wp--preset--spacing--70);margin-bottom:var(--wp--preset--spacing--70)\"><img loading=\"lazy\" decoding=\"async\" width=\"300\" height=\"169\" data-id=\"91\" src=\"https:\/\/cubswp.com\/brumafest\/wp-content\/uploads\/2025\/05\/Maybelline-Logo-2002-2019-300x169.png\" alt=\"\" class=\"wp-image-91\" srcset=\"https:\/\/cubswp.com\/brumafest\/wp-content\/uploads\/2025\/05\/Maybelline-Logo-2002-2019-300x169.png 300w, https:\/\/cubswp.com\/brumafest\/wp-content\/uploads\/2025\/05\/Maybelline-Logo-2002-2019-1024x576.png 1024w, https:\/\/cubswp.com\/brumafest\/wp-content\/uploads\/2025\/05\/Maybelline-Logo-2002-2019-768x432.png 768w, https:\/\/cubswp.com\/brumafest\/wp-content\/uploads\/2025\/05\/Maybelline-Logo-2002-2019-1536x864.png 1536w, https:\/\/cubswp.com\/brumafest\/wp-content\/uploads\/2025\/05\/Maybelline-Logo-2002-2019-2048x1152.png 2048w\" sizes=\"auto, (max-width: 300px) 100vw, 300px\" \/><\/figure>\n<\/figure>\n<\/div>\n\n\n\n<figure class=\"wp-block-image size-large has-custom-border\" style=\"margin-top:var(--wp--preset--spacing--60);margin-bottom:var(--wp--preset--spacing--60)\"><img loading=\"lazy\" decoding=\"async\" width=\"1024\" height=\"682\" src=\"https:\/\/cubswp.com\/brumafest\/wp-content\/uploads\/2025\/05\/g0b6e49de2b75b1db43969bfde04736d674beafe4e8afbd51201bf2e23eba18833c5afa013e1d0b514846b92c734d35bda0b3ff6cd7f7c6a609b45f1840da0413_1280-1728358-1024x682.jpg\" alt=\"make up, artist, beauty, cosmetics, model, make-up artist, make up, make up, make up, make up, make up\" class=\"wp-image-90\" style=\"border-radius:30px\" srcset=\"https:\/\/cubswp.com\/brumafest\/wp-content\/uploads\/2025\/05\/g0b6e49de2b75b1db43969bfde04736d674beafe4e8afbd51201bf2e23eba18833c5afa013e1d0b514846b92c734d35bda0b3ff6cd7f7c6a609b45f1840da0413_1280-1728358-1024x682.jpg 1024w, https:\/\/cubswp.com\/brumafest\/wp-content\/uploads\/2025\/05\/g0b6e49de2b75b1db43969bfde04736d674beafe4e8afbd51201bf2e23eba18833c5afa013e1d0b514846b92c734d35bda0b3ff6cd7f7c6a609b45f1840da0413_1280-1728358-300x200.jpg 300w, https:\/\/cubswp.com\/brumafest\/wp-content\/uploads\/2025\/05\/g0b6e49de2b75b1db43969bfde04736d674beafe4e8afbd51201bf2e23eba18833c5afa013e1d0b514846b92c734d35bda0b3ff6cd7f7c6a609b45f1840da0413_1280-1728358-768x512.jpg 768w, https:\/\/cubswp.com\/brumafest\/wp-content\/uploads\/2025\/05\/g0b6e49de2b75b1db43969bfde04736d674beafe4e8afbd51201bf2e23eba18833c5afa013e1d0b514846b92c734d35bda0b3ff6cd7f7c6a609b45f1840da0413_1280-1728358.jpg 1280w\" sizes=\"auto, (max-width: 1024px) 100vw, 1024px\" \/><\/figure>\n<\/div><\/div>\n\n\n\n<div style=\"height:50px\" aria-hidden=\"true\" class=\"wp-block-spacer\"><\/div>\n\n\n\n<div data-aos= \"fade\" data-aos-duration=\"400\" data-aos-delay=\"0\" data-aos-easing=\"ease\" data-aos-once=\"true\" class=\"wp-block-uagb-container uagb-block-098052b3 alignfull uagb-is-root-container\"><div class=\"uagb-container-inner-blocks-wrap\">\n<div class=\"wp-block-uagb-container uagb-block-fbaaba44\">\n<div class=\"wp-block-uagb-image uagb-block-c6af752e wp-block-uagb-image--layout-default wp-block-uagb-image--effect-static wp-block-uagb-image--align-none\"><figure class=\"wp-block-uagb-image__figure\"><img decoding=\"async\" srcset=\"https:\/\/cubswp.com\/brumafest\/wp-content\/uploads\/2025\/06\/image-1-1024x576.png ,https:\/\/cubswp.com\/brumafest\/wp-content\/uploads\/2025\/06\/image-1.png 780w, https:\/\/cubswp.com\/brumafest\/wp-content\/uploads\/2025\/06\/image-1.png 360w\" sizes=\"auto, (max-width: 480px) 150px\" src=\"https:\/\/cubswp.com\/brumafest\/wp-content\/uploads\/2025\/06\/image-1-1024x576.png\" alt=\"\" class=\"uag-image-197\" width=\"1024\" height=\"576\" title=\"image\" loading=\"lazy\" role=\"img\"\/><\/figure><\/div>\n<\/div>\n\n\n\n<div class=\"wp-block-uagb-container uagb-block-3bd78371\">\n<div class=\"wp-block-uagb-advanced-heading uagb-block-e71d8850\"><h1 class=\"uagb-heading-text\">STYLE YOUR HAIR<\/h1><\/div>\n\n\n\n<p class=\"has-text-align-center has-text-color has-link-color wp-elements-1de2655397c1a0bb7c20ea4d9f6a2442\" style=\"color:#470b0b\"><strong>\u00a1Con Garnier y GHD, tu peinado estar\u00e1 listo para la fiesta!<\/strong><br>\u00bfTrenzas, ondas de sal\u00f3n, un peinado con glitter o un look m\u00e1s natural? Aqu\u00ed te ayudamos a crear el estilo que m\u00e1s te represente. Desde lo m\u00e1s sencillo hasta lo m\u00e1s atrevido, nuestros expertos est\u00e1n listos para transformar tu look. \u00a1As\u00ed que no te preocupes por nada, que tu cabello estar\u00e1 impecable desde el primer acorde hasta el \u00faltimo!<\/p>\n<\/div>\n<\/div><\/div>\n\n\n\n<div data-aos= \"zoom-in\" data-aos-duration=\"400\" data-aos-delay=\"0\" data-aos-easing=\"ease\" data-aos-once=\"true\" class=\"wp-block-uagb-container uagb-block-eb1caeb1 alignfull uagb-is-root-container\"><div class=\"uagb-container-inner-blocks-wrap\">\n<div style=\"height:50px\" aria-hidden=\"true\" class=\"wp-block-spacer\"><\/div>\n\n\n\n<div data-aos= \"zoom-in\" data-aos-duration=\"400\" data-aos-delay=\"0\" data-aos-easing=\"ease\" data-aos-once=\"true\" class=\"wp-block-uagb-advanced-heading uagb-block-2e138651\"><h1 class=\"uagb-heading-text\">MERCHANDISING<\/h1><\/div>\n\n\n\n<p class=\"has-text-align-center has-text-color has-link-color wp-elements-316a7de29abfbc4cf3867f891ef63a4b\" style=\"color:#470b0b;font-size:26px\"><strong>\u00a1Ll\u00e9vate un trocito de Brumafest contigo!<\/strong><\/p>\n<\/div><\/div>\n\n\n\n<div class=\"wp-block-uagb-container uagb-block-45f78ad6 alignfull uagb-is-root-container\"><div class=\"uagb-container-inner-blocks-wrap\">\n<div class=\"wp-block-uagb-container uagb-block-38597623\">\n<div class=\"wp-block-uagb-image uagb-block-6bb0e646 wp-block-uagb-image--layout-default wp-block-uagb-image--effect-zoomin wp-block-uagb-image--align-none is-style-default\"><figure class=\"wp-block-uagb-image__figure\"><img decoding=\"async\"  sizes=\"auto, (max-width: 480px) 150px\" src=\"https:\/\/cubswp.com\/brumafest\/wp-content\/uploads\/2025\/06\/Post-de-Instagram-mockup-remera-de-mujer-moderno-blanco-819x1024.png\" alt=\"\" width=\"295\" height=\"369\" title=\"\" loading=\"lazy\" role=\"img\"\/><\/figure><\/div>\n\n\n\n<p class=\"has-text-align-center has-text-color has-link-color wp-elements-4c97b737afd9ef3f84718aecafca570f\" style=\"color:#470b0b\"><strong>Camisetas<\/strong><\/p>\n<\/div>\n\n\n\n<div class=\"wp-block-uagb-container uagb-block-91e4cd19\">\n<div class=\"wp-block-uagb-image uagb-block-a2a29b62 wp-block-uagb-image--layout-default wp-block-uagb-image--effect-zoomin wp-block-uagb-image--align-none\"><figure class=\"wp-block-uagb-image__figure\"><img decoding=\"async\" srcset=\"https:\/\/cubswp.com\/brumafest\/wp-content\/uploads\/2025\/06\/Green-Environment-Reusable-Bag-Quote-Instagram-Post-1024x1024.png ,https:\/\/cubswp.com\/brumafest\/wp-content\/uploads\/2025\/06\/Green-Environment-Reusable-Bag-Quote-Instagram-Post.png 780w, https:\/\/cubswp.com\/brumafest\/wp-content\/uploads\/2025\/06\/Green-Environment-Reusable-Bag-Quote-Instagram-Post.png 360w\" sizes=\"auto, (max-width: 480px) 150px\" src=\"https:\/\/cubswp.com\/brumafest\/wp-content\/uploads\/2025\/06\/Green-Environment-Reusable-Bag-Quote-Instagram-Post-1024x1024.png\" alt=\"\" class=\"uag-image-157\" width=\"1024\" height=\"683\" title=\"Green Environment Reusable Bag Quote Instagram Post\" loading=\"lazy\" role=\"img\"\/><\/figure><\/div>\n\n\n\n<p class=\"has-text-align-center has-text-color has-link-color wp-elements-77ac1ff0fb9b5ef82f1520d8fcf17c4e\" style=\"color:#470b0b\"><strong>Totebags<\/strong><\/p>\n<\/div>\n\n\n\n<div class=\"wp-block-uagb-container uagb-block-ff218813\">\n<div class=\"wp-block-uagb-image aligncenter uagb-block-d8163531 wp-block-uagb-image--layout-default wp-block-uagb-image--effect-zoomin wp-block-uagb-image--align-center\"><figure class=\"wp-block-uagb-image__figure\"><img decoding=\"async\" srcset=\"https:\/\/cubswp.com\/brumafest\/wp-content\/uploads\/2025\/06\/Botella-de-agua-con-logo-Bruma-Fest-1-683x1024.png ,https:\/\/cubswp.com\/brumafest\/wp-content\/uploads\/2025\/06\/Botella-de-agua-con-logo-Bruma-Fest-1.png 780w, https:\/\/cubswp.com\/brumafest\/wp-content\/uploads\/2025\/06\/Botella-de-agua-con-logo-Bruma-Fest-1.png 360w\" sizes=\"auto, (max-width: 480px) 150px\" src=\"https:\/\/cubswp.com\/brumafest\/wp-content\/uploads\/2025\/06\/Botella-de-agua-con-logo-Bruma-Fest-1-683x1024.png\" alt=\"\" class=\"uag-image-161\" width=\"282\" height=\"350\" title=\"Botella de agua con logo Bruma Fest\" loading=\"lazy\" role=\"img\"\/><\/figure><\/div>\n\n\n\n<p class=\"has-text-align-center has-text-color has-link-color wp-elements-87f95ba3737235dfdb2a1509b53ce4ab\" style=\"color:#470b0b\"><strong>Cantimploras<\/strong><\/p>\n<\/div>\n<\/div><\/div>\n\n\n\n<p class=\"has-text-align-center has-text-color has-background has-link-color has-medium-font-size wp-elements-414e7cae499f998c6da11c9e5caea59d\" style=\"border-radius:55px;color:#470b0b;background-color:#8c454759;padding-top:var(--wp--preset--spacing--20);padding-bottom:var(--wp--preset--spacing--20)\"><strong>Para cuando extra\u00f1es el ruido, la risa y la bruma. Porque hay momentos que merecen quedarse cerca.<\/strong><\/p>\n\n\n\n<p><\/p>\n","protected":false},"excerpt":{"rendered":"<p>VIVE LA EXPERIENCIA COMPLETA COMIDA, ESTILO Y RECUERDOS \u00daNICOS FOOD TRUCKS Sabores que van con el ritmo. Desde smash burgers [&hellip;]<\/p>\n","protected":false},"author":4,"featured_media":0,"parent":0,"menu_order":0,"comment_status":"closed","ping_status":"closed","template":"","meta":{"_uag_custom_page_level_css":"","site-sidebar-layout":"default","site-content-layout":"","ast-site-content-layout":"","site-content-style":"default","site-sidebar-style":"default","ast-global-header-display":"","ast-banner-title-visibility":"","ast-main-header-display":"","ast-hfb-above-header-display":"","ast-hfb-below-header-display":"","ast-hfb-mobile-header-display":"","site-post-title":"disabled","ast-breadcrumbs-content":"","ast-featured-img":"","footer-sml-layout":"","ast-disable-related-posts":"","theme-transparent-header-meta":"","adv-header-id-meta":"","stick-header-meta":"","header-above-stick-meta":"","header-main-stick-meta":"","header-below-stick-meta":"","astra-migrate-meta-layouts":"default","ast-page-background-enabled":"default","ast-page-background-meta":{"desktop":{"background-color":"var(--ast-global-color-5)","background-image":"","background-repeat":"repeat","background-position":"center center","background-size":"auto","background-attachment":"scroll","background-type":"","background-media":"","overlay-type":"","overlay-color":"","overlay-opacity":"","overlay-gradient":""},"tablet":{"background-color":"","background-image":"","background-repeat":"repeat","background-position":"center center","background-size":"auto","background-attachment":"scroll","background-type":"","background-media":"","overlay-type":"","overlay-color":"","overlay-opacity":"","overlay-gradient":""},"mobile":{"background-color":"","background-image":"","background-repeat":"repeat","background-position":"center center","background-size":"auto","background-attachment":"scroll","background-type":"","background-media":"","overlay-type":"","overlay-color":"","overlay-opacity":"","overlay-gradient":""}},"ast-content-background-meta":{"desktop":{"background-color":"var(--ast-global-color-4)","background-image":"","background-repeat":"repeat","background-position":"center center","background-size":"auto","background-attachment":"scroll","background-type":"","background-media":"","overlay-type":"","overlay-color":"","overlay-opacity":"","overlay-gradient":""},"tablet":{"background-color":"var(--ast-global-color-4)","background-image":"","background-repeat":"repeat","background-position":"center center","background-size":"auto","background-attachment":"scroll","background-type":"","background-media":"","overlay-type":"","overlay-color":"","overlay-opacity":"","overlay-gradient":""},"mobile":{"background-color":"var(--ast-global-color-4)","background-image":"","background-repeat":"repeat","background-position":"center center","background-size":"auto","background-attachment":"scroll","background-type":"","background-media":"","overlay-type":"","overlay-color":"","overlay-opacity":"","overlay-gradient":""}},"footnotes":""},"class_list":["post-87","page","type-page","status-publish","hentry"],"uagb_featured_image_src":{"full":false,"thumbnail":false,"medium":false,"medium_large":false,"large":false,"1536x1536":false,"2048x2048":false},"uagb_author_info":{"display_name":"eider ortuondo","author_link":"https:\/\/cubswp.com\/brumafest\/index.php\/author\/eider\/"},"uagb_comment_info":0,"uagb_excerpt":"VIVE LA EXPERIENCIA COMPLETA COMIDA, ESTILO Y RECUERDOS \u00daNICOS FOOD TRUCKS Sabores que van con el ritmo. Desde smash burgers [&hellip;]","_links":{"self":[{"href":"https:\/\/cubswp.com\/brumafest\/index.php\/wp-json\/wp\/v2\/pages\/87","targetHints":{"allow":["GET"]}}],"collection":[{"href":"https:\/\/cubswp.com\/brumafest\/index.php\/wp-json\/wp\/v2\/pages"}],"about":[{"href":"https:\/\/cubswp.com\/brumafest\/index.php\/wp-json\/wp\/v2\/types\/page"}],"author":[{"embeddable":true,"href":"https:\/\/cubswp.com\/brumafest\/index.php\/wp-json\/wp\/v2\/users\/4"}],"replies":[{"embeddable":true,"href":"https:\/\/cubswp.com\/brumafest\/index.php\/wp-json\/wp\/v2\/comments?post=87"}],"version-history":[{"count":14,"href":"https:\/\/cubswp.com\/brumafest\/index.php\/wp-json\/wp\/v2\/pages\/87\/revisions"}],"predecessor-version":[{"id":203,"href":"https:\/\/cubswp.com\/brumafest\/index.php\/wp-json\/wp\/v2\/pages\/87\/revisions\/203"}],"wp:attachment":[{"href":"https:\/\/cubswp.com\/brumafest\/index.php\/wp-json\/wp\/v2\/media?parent=87"}],"curies":[{"name":"wp","href":"https:\/\/api.w.org\/{rel}","templated":true}]}}