{"id":75,"date":"2026-04-13T15:06:40","date_gmt":"2026-04-13T15:06:40","guid":{"rendered":"https:\/\/cubswp.com\/nautilusprueba\/?page_id=75"},"modified":"2026-04-15T06:57:29","modified_gmt":"2026-04-15T06:57:29","slug":"nuestros-viajes","status":"publish","type":"page","link":"https:\/\/cubswp.com\/nautilusprueba\/nuestros-viajes\/","title":{"rendered":"Nuestros viajes"},"content":{"rendered":"\n<div class=\"wp-block-uagb-container uagb-block-ee309bc4 alignfull uagb-is-root-container\"><div class=\"uagb-container-inner-blocks-wrap\">\n<div class=\"wp-block-uagb-advanced-heading uagb-block-d1585014\"><h1 class=\"uagb-heading-text\">Nuestro cat\u00e1logo de viajes<\/h1><\/div>\n\n\n\n<div class=\"wp-block-uagb-advanced-heading uagb-block-b85a226d\"><h2 class=\"uagb-heading-text\">recomendados<\/h2><\/div>\n<\/div><\/div>\n\n\n\n<div class=\"wp-block-uagb-container uagb-block-f945b901 alignfull uagb-is-root-container\"><div class=\"uagb-container-inner-blocks-wrap\">\n<div class=\"wp-block-uagb-advanced-heading uagb-block-9ff84bfc\"><h3 class=\"uagb-heading-text\">Encuentra aqu\u00ed el viaje que est\u00e1s buscando\u2026<\/h3><\/div>\n<\/div><\/div>\n\n\n\n<div class=\"wp-block-uagb-container uagb-block-25e87cc7 alignfull uagb-is-root-container\">\n<div class=\"wp-block-uagb-container uagb-block-860a79e2\">\n<div class=\"wp-block-uagb-advanced-heading uagb-block-dad0c07c\"><h3 class=\"uagb-heading-text\">El tesoro del Caribe: Jamaica<\/h3><\/div>\n\n\n\n<div class=\"wp-block-uagb-image uagb-block-6098cb27 wp-block-uagb-image--layout-default wp-block-uagb-image--effect-static wp-block-uagb-image--align-none\"><figure class=\"wp-block-uagb-image__figure\"><img decoding=\"async\" srcset=\"https:\/\/cubswp.com\/nautilusprueba\/wp-content\/uploads\/2026\/04\/jamaica.jpg ,https:\/\/cubswp.com\/nautilusprueba\/wp-content\/uploads\/2026\/04\/jamaica.jpg 780w, https:\/\/cubswp.com\/nautilusprueba\/wp-content\/uploads\/2026\/04\/jamaica.jpg 360w\" sizes=\"auto, (max-width: 480px) 150px\" src=\"https:\/\/cubswp.com\/nautilusprueba\/wp-content\/uploads\/2026\/04\/jamaica.jpg\" alt=\"\" class=\"uag-image-24\" width=\"512\" height=\"341\" title=\"jamaica\" loading=\"lazy\" role=\"img\"\/><\/figure><\/div>\n\n\n\n<p>Paisaje, las monta\u00f1as azules, playas paradis\u00edacas, cultura, gastronom\u00eda y mucho m\u00e1s\u2026<\/p>\n\n\n\n<div class=\"wp-block-uagb-buttons uagb-buttons__outer-wrap uagb-btn__default-btn uagb-btn-tablet__default-btn uagb-btn-mobile__default-btn uagb-block-2cebdee9\"><div class=\"uagb-buttons__wrap uagb-buttons-layout-wrap \">\n<div class=\"wp-block-uagb-buttons-child uagb-buttons__outer-wrap uagb-block-0fc748b8 wp-block-button\"><div class=\"uagb-button__wrapper\"><a class=\"uagb-buttons-repeater wp-block-button__link\" aria-label=\"\" href=\"#\" rel=\"follow noopener\" target=\"_self\" role=\"button\"><div class=\"uagb-button__link\">Detalles del viaje<\/div><\/a><\/div><\/div>\n<\/div><\/div>\n<\/div>\n\n\n\n<div class=\"wp-block-uagb-container uagb-block-25f34089\">\n<div class=\"wp-block-uagb-advanced-heading uagb-block-d6258d04\"><h3 class=\"uagb-heading-text\">Vive el Sahara: como un Beduino<\/h3><\/div>\n\n\n\n<div class=\"wp-block-uagb-image uagb-block-384b86d3 wp-block-uagb-image--layout-default wp-block-uagb-image--effect-static wp-block-uagb-image--align-none\"><figure class=\"wp-block-uagb-image__figure\"><img decoding=\"async\" srcset=\"https:\/\/cubswp.com\/nautilusprueba\/wp-content\/uploads\/2026\/04\/encamello.jpg ,https:\/\/cubswp.com\/nautilusprueba\/wp-content\/uploads\/2026\/04\/encamello.jpg 780w, https:\/\/cubswp.com\/nautilusprueba\/wp-content\/uploads\/2026\/04\/encamello.jpg 360w\" sizes=\"auto, (max-width: 480px) 150px\" src=\"https:\/\/cubswp.com\/nautilusprueba\/wp-content\/uploads\/2026\/04\/encamello.jpg\" alt=\"\" class=\"uag-image-21\" width=\"512\" height=\"341\" title=\"encamello\" loading=\"lazy\" role=\"img\"\/><\/figure><\/div>\n\n\n\n<p>Duerme en el Sahara y descubre Atl Ben Hadouu. Cruza la cordillera del Atllas y las dunas de <\/p>\n\n\n\n<div class=\"wp-block-uagb-buttons uagb-buttons__outer-wrap uagb-btn__default-btn uagb-btn-tablet__default-btn uagb-btn-mobile__default-btn uagb-block-ddafe27a\"><div class=\"uagb-buttons__wrap uagb-buttons-layout-wrap \">\n<div class=\"wp-block-uagb-buttons-child uagb-buttons__outer-wrap uagb-block-960560a0 wp-block-button\"><div class=\"uagb-button__wrapper\"><a class=\"uagb-buttons-repeater wp-block-button__link\" aria-label=\"\" href=\"#\" rel=\"follow noopener\" target=\"_self\" role=\"button\"><div class=\"uagb-button__link\">Detalles del viaje<\/div><\/a><\/div><\/div>\n<\/div><\/div>\n<\/div>\n\n\n\n<div class=\"wp-block-uagb-container uagb-block-8cef7aa8\">\n<div class=\"wp-block-uagb-advanced-heading uagb-block-738d440a\"><h3 class=\"uagb-heading-text\">El tesoro del Caribe: Jamaica<\/h3><\/div>\n\n\n\n<div class=\"wp-block-uagb-image uagb-block-bee827d1 wp-block-uagb-image--layout-default wp-block-uagb-image--effect-static wp-block-uagb-image--align-none\"><figure class=\"wp-block-uagb-image__figure\"><img decoding=\"async\" srcset=\"https:\/\/cubswp.com\/nautilusprueba\/wp-content\/uploads\/2026\/04\/jamaica.jpg ,https:\/\/cubswp.com\/nautilusprueba\/wp-content\/uploads\/2026\/04\/jamaica.jpg 780w, https:\/\/cubswp.com\/nautilusprueba\/wp-content\/uploads\/2026\/04\/jamaica.jpg 360w\" sizes=\"auto, (max-width: 480px) 150px\" src=\"https:\/\/cubswp.com\/nautilusprueba\/wp-content\/uploads\/2026\/04\/jamaica.jpg\" alt=\"\" class=\"uag-image-24\" width=\"512\" height=\"341\" title=\"jamaica\" loading=\"lazy\" role=\"img\"\/><\/figure><\/div>\n\n\n\n<p>Paisaje, las monta\u00f1as azules, playas paradis\u00edacas, cultura, gastronom\u00eda y mucho m\u00e1s\u2026<\/p>\n\n\n\n<div class=\"wp-block-uagb-buttons uagb-buttons__outer-wrap uagb-btn__default-btn uagb-btn-tablet__default-btn uagb-btn-mobile__default-btn uagb-block-42fc84d4\"><div class=\"uagb-buttons__wrap uagb-buttons-layout-wrap \">\n<div class=\"wp-block-uagb-buttons-child uagb-buttons__outer-wrap uagb-block-5a340239 wp-block-button\"><div class=\"uagb-button__wrapper\"><a class=\"uagb-buttons-repeater wp-block-button__link\" aria-label=\"\" href=\"#\" rel=\"follow noopener\" target=\"_self\" role=\"button\"><div class=\"uagb-button__link\">Detalles del viaje<\/div><\/a><\/div><\/div>\n<\/div><\/div>\n<\/div>\n\n\n\n<div class=\"wp-block-uagb-container uagb-block-6d74bafe\">\n<div class=\"wp-block-uagb-advanced-heading uagb-block-04e9df6b\"><h3 class=\"uagb-heading-text\">El tesoro del Caribe: Jamaica<\/h3><\/div>\n\n\n\n<div class=\"wp-block-uagb-image uagb-block-588106ea wp-block-uagb-image--layout-default wp-block-uagb-image--effect-static wp-block-uagb-image--align-none\"><figure class=\"wp-block-uagb-image__figure\"><img decoding=\"async\" srcset=\"https:\/\/cubswp.com\/nautilusprueba\/wp-content\/uploads\/2026\/04\/jamaica.jpg ,https:\/\/cubswp.com\/nautilusprueba\/wp-content\/uploads\/2026\/04\/jamaica.jpg 780w, https:\/\/cubswp.com\/nautilusprueba\/wp-content\/uploads\/2026\/04\/jamaica.jpg 360w\" sizes=\"auto, (max-width: 480px) 150px\" src=\"https:\/\/cubswp.com\/nautilusprueba\/wp-content\/uploads\/2026\/04\/jamaica.jpg\" alt=\"\" class=\"uag-image-24\" width=\"512\" height=\"341\" title=\"jamaica\" loading=\"lazy\" role=\"img\"\/><\/figure><\/div>\n\n\n\n<p>Paisaje, las monta\u00f1as azules, playas paradis\u00edacas, cultura, gastronom\u00eda y mucho m\u00e1s\u2026<\/p>\n\n\n\n<div class=\"wp-block-uagb-buttons uagb-buttons__outer-wrap uagb-btn__default-btn uagb-btn-tablet__default-btn uagb-btn-mobile__default-btn uagb-block-498517b3\"><div class=\"uagb-buttons__wrap uagb-buttons-layout-wrap \">\n<div class=\"wp-block-uagb-buttons-child uagb-buttons__outer-wrap uagb-block-12ff7da1 wp-block-button\"><div class=\"uagb-button__wrapper\"><a class=\"uagb-buttons-repeater wp-block-button__link\" aria-label=\"\" href=\"#\" rel=\"follow noopener\" target=\"_self\" role=\"button\"><div class=\"uagb-button__link\">Detalles del viaje<\/div><\/a><\/div><\/div>\n<\/div><\/div>\n<\/div>\n\n\n\n<div class=\"wp-block-uagb-container uagb-block-034afc46\">\n<div class=\"wp-block-uagb-advanced-heading uagb-block-a794bbe8\"><h3 class=\"uagb-heading-text\">El tesoro del Caribe: Jamaica<\/h3><\/div>\n\n\n\n<div class=\"wp-block-uagb-image uagb-block-3bd1b7cd wp-block-uagb-image--layout-default wp-block-uagb-image--effect-static wp-block-uagb-image--align-none\"><figure class=\"wp-block-uagb-image__figure\"><img decoding=\"async\" srcset=\"https:\/\/cubswp.com\/nautilusprueba\/wp-content\/uploads\/2026\/04\/jamaica.jpg ,https:\/\/cubswp.com\/nautilusprueba\/wp-content\/uploads\/2026\/04\/jamaica.jpg 780w, https:\/\/cubswp.com\/nautilusprueba\/wp-content\/uploads\/2026\/04\/jamaica.jpg 360w\" sizes=\"auto, (max-width: 480px) 150px\" src=\"https:\/\/cubswp.com\/nautilusprueba\/wp-content\/uploads\/2026\/04\/jamaica.jpg\" alt=\"\" class=\"uag-image-24\" width=\"512\" height=\"341\" title=\"jamaica\" loading=\"lazy\" role=\"img\"\/><\/figure><\/div>\n\n\n\n<p>Paisaje, las monta\u00f1as azules, playas paradis\u00edacas, cultura, gastronom\u00eda y mucho m\u00e1s\u2026<\/p>\n\n\n\n<div class=\"wp-block-uagb-buttons uagb-buttons__outer-wrap uagb-btn__default-btn uagb-btn-tablet__default-btn uagb-btn-mobile__default-btn uagb-block-c3d61be7\"><div class=\"uagb-buttons__wrap uagb-buttons-layout-wrap \">\n<div class=\"wp-block-uagb-buttons-child uagb-buttons__outer-wrap uagb-block-b2910804 wp-block-button\"><div class=\"uagb-button__wrapper\"><a class=\"uagb-buttons-repeater wp-block-button__link\" aria-label=\"\" href=\"#\" rel=\"follow noopener\" target=\"_self\" role=\"button\"><div class=\"uagb-button__link\">Detalles del viaje<\/div><\/a><\/div><\/div>\n<\/div><\/div>\n<\/div>\n\n\n\n<div class=\"wp-block-uagb-container uagb-block-ab5f13b8\">\n<div class=\"wp-block-uagb-advanced-heading uagb-block-65a06f50\"><h3 class=\"uagb-heading-text\">El tesoro del Caribe: Jamaica<\/h3><\/div>\n\n\n\n<div class=\"wp-block-uagb-image uagb-block-4ae9f254 wp-block-uagb-image--layout-default wp-block-uagb-image--effect-static wp-block-uagb-image--align-none\"><figure class=\"wp-block-uagb-image__figure\"><img decoding=\"async\" srcset=\"https:\/\/cubswp.com\/nautilusprueba\/wp-content\/uploads\/2026\/04\/jamaica.jpg ,https:\/\/cubswp.com\/nautilusprueba\/wp-content\/uploads\/2026\/04\/jamaica.jpg 780w, https:\/\/cubswp.com\/nautilusprueba\/wp-content\/uploads\/2026\/04\/jamaica.jpg 360w\" sizes=\"auto, (max-width: 480px) 150px\" src=\"https:\/\/cubswp.com\/nautilusprueba\/wp-content\/uploads\/2026\/04\/jamaica.jpg\" alt=\"\" class=\"uag-image-24\" width=\"512\" height=\"341\" title=\"jamaica\" loading=\"lazy\" role=\"img\"\/><\/figure><\/div>\n\n\n\n<p>Paisaje, las monta\u00f1as azules, playas paradis\u00edacas, cultura, gastronom\u00eda y mucho m\u00e1s\u2026<\/p>\n\n\n\n<div class=\"wp-block-uagb-buttons uagb-buttons__outer-wrap uagb-btn__default-btn uagb-btn-tablet__default-btn uagb-btn-mobile__default-btn uagb-block-d30fe7e5\"><div class=\"uagb-buttons__wrap uagb-buttons-layout-wrap \">\n<div class=\"wp-block-uagb-buttons-child uagb-buttons__outer-wrap uagb-block-49db8eb8 wp-block-button\"><div class=\"uagb-button__wrapper\"><a class=\"uagb-buttons-repeater wp-block-button__link\" aria-label=\"\" href=\"#\" rel=\"follow noopener\" target=\"_self\" role=\"button\"><div class=\"uagb-button__link\">Detalles del viaje<\/div><\/a><\/div><\/div>\n<\/div><\/div>\n<\/div>\n\n\n\n<div class=\"wp-block-uagb-container uagb-block-44fdfa5f\">\n<div class=\"wp-block-uagb-advanced-heading uagb-block-21eda3f7\"><h3 class=\"uagb-heading-text\">El tesoro del Caribe: Jamaica<\/h3><\/div>\n\n\n\n<div class=\"wp-block-uagb-image uagb-block-f1e0527b wp-block-uagb-image--layout-default wp-block-uagb-image--effect-static wp-block-uagb-image--align-none\"><figure class=\"wp-block-uagb-image__figure\"><img decoding=\"async\" srcset=\"https:\/\/cubswp.com\/nautilusprueba\/wp-content\/uploads\/2026\/04\/jamaica.jpg ,https:\/\/cubswp.com\/nautilusprueba\/wp-content\/uploads\/2026\/04\/jamaica.jpg 780w, https:\/\/cubswp.com\/nautilusprueba\/wp-content\/uploads\/2026\/04\/jamaica.jpg 360w\" sizes=\"auto, (max-width: 480px) 150px\" src=\"https:\/\/cubswp.com\/nautilusprueba\/wp-content\/uploads\/2026\/04\/jamaica.jpg\" alt=\"\" class=\"uag-image-24\" width=\"512\" height=\"341\" title=\"jamaica\" loading=\"lazy\" role=\"img\"\/><\/figure><\/div>\n\n\n\n<p>Paisaje, las monta\u00f1as azules, playas paradis\u00edacas, cultura, gastronom\u00eda y mucho m\u00e1s\u2026<\/p>\n\n\n\n<div class=\"wp-block-uagb-buttons uagb-buttons__outer-wrap uagb-btn__default-btn uagb-btn-tablet__default-btn uagb-btn-mobile__default-btn uagb-block-d01e7787\"><div class=\"uagb-buttons__wrap uagb-buttons-layout-wrap \">\n<div class=\"wp-block-uagb-buttons-child uagb-buttons__outer-wrap uagb-block-e1dcd2d5 wp-block-button\"><div class=\"uagb-button__wrapper\"><a class=\"uagb-buttons-repeater wp-block-button__link\" aria-label=\"\" href=\"#\" rel=\"follow noopener\" target=\"_self\" role=\"button\"><div class=\"uagb-button__link\">Detalles del viaje<\/div><\/a><\/div><\/div>\n<\/div><\/div>\n<\/div>\n\n\n\n<div class=\"wp-block-uagb-container uagb-block-873d5fd3\">\n<div class=\"wp-block-uagb-advanced-heading uagb-block-eb4a4845\"><h3 class=\"uagb-heading-text\">El tesoro del Caribe: Jamaica<\/h3><\/div>\n\n\n\n<div class=\"wp-block-uagb-image uagb-block-96e68a59 wp-block-uagb-image--layout-default wp-block-uagb-image--effect-static wp-block-uagb-image--align-none\"><figure class=\"wp-block-uagb-image__figure\"><img decoding=\"async\" srcset=\"https:\/\/cubswp.com\/nautilusprueba\/wp-content\/uploads\/2026\/04\/jamaica.jpg ,https:\/\/cubswp.com\/nautilusprueba\/wp-content\/uploads\/2026\/04\/jamaica.jpg 780w, https:\/\/cubswp.com\/nautilusprueba\/wp-content\/uploads\/2026\/04\/jamaica.jpg 360w\" sizes=\"auto, (max-width: 480px) 150px\" src=\"https:\/\/cubswp.com\/nautilusprueba\/wp-content\/uploads\/2026\/04\/jamaica.jpg\" alt=\"\" class=\"uag-image-24\" width=\"512\" height=\"341\" title=\"jamaica\" loading=\"lazy\" role=\"img\"\/><\/figure><\/div>\n\n\n\n<p>Paisaje, las monta\u00f1as azules, playas paradis\u00edacas, cultura, gastronom\u00eda y mucho m\u00e1s\u2026<\/p>\n\n\n\n<div class=\"wp-block-uagb-buttons uagb-buttons__outer-wrap uagb-btn__default-btn uagb-btn-tablet__default-btn uagb-btn-mobile__default-btn uagb-block-4d1d8636\"><div class=\"uagb-buttons__wrap uagb-buttons-layout-wrap \">\n<div class=\"wp-block-uagb-buttons-child uagb-buttons__outer-wrap uagb-block-63558e71 wp-block-button\"><div class=\"uagb-button__wrapper\"><a class=\"uagb-buttons-repeater wp-block-button__link\" aria-label=\"\" href=\"#\" rel=\"follow noopener\" target=\"_self\" role=\"button\"><div class=\"uagb-button__link\">Detalles del viaje<\/div><\/a><\/div><\/div>\n<\/div><\/div>\n<\/div>\n<\/div>\n\n\n\n<p><\/p>\n","protected":false},"excerpt":{"rendered":"<p>Nuestro cat\u00e1logo de viajes recomendados Encuentra aqu\u00ed el viaje que est\u00e1s buscando\u2026 El tesoro del Caribe: Jamaica Paisaje, las monta\u00f1as azules, playas paradis\u00edacas, cultura, gastronom\u00eda y mucho m\u00e1s\u2026 Vive el Sahara: como un Beduino Duerme en el Sahara y descubre Atl Ben Hadouu. Cruza la cordillera del Atllas y las dunas de El tesoro del [&hellip;]<\/p>\n","protected":false},"author":1,"featured_media":0,"parent":0,"menu_order":0,"comment_status":"closed","ping_status":"closed","template":"","meta":{"_uag_custom_page_level_css":"","site-sidebar-layout":"default","site-content-layout":"","ast-site-content-layout":"default","site-content-style":"default","site-sidebar-style":"default","ast-global-header-display":"","ast-banner-title-visibility":"","ast-main-header-display":"","ast-hfb-above-header-display":"","ast-hfb-below-header-display":"","ast-hfb-mobile-header-display":"","site-post-title":"disabled","ast-breadcrumbs-content":"","ast-featured-img":"","footer-sml-layout":"","ast-disable-related-posts":"","theme-transparent-header-meta":"","adv-header-id-meta":"","stick-header-meta":"","header-above-stick-meta":"","header-main-stick-meta":"","header-below-stick-meta":"","astra-migrate-meta-layouts":"default","ast-page-background-enabled":"default","ast-page-background-meta":{"desktop":{"background-color":"var(--ast-global-color-5)","background-image":"","background-repeat":"repeat","background-position":"center center","background-size":"auto","background-attachment":"scroll","background-type":"","background-media":"","overlay-type":"","overlay-color":"","overlay-opacity":"","overlay-gradient":""},"tablet":{"background-color":"","background-image":"","background-repeat":"repeat","background-position":"center center","background-size":"auto","background-attachment":"scroll","background-type":"","background-media":"","overlay-type":"","overlay-color":"","overlay-opacity":"","overlay-gradient":""},"mobile":{"background-color":"","background-image":"","background-repeat":"repeat","background-position":"center center","background-size":"auto","background-attachment":"scroll","background-type":"","background-media":"","overlay-type":"","overlay-color":"","overlay-opacity":"","overlay-gradient":""}},"ast-content-background-meta":{"desktop":{"background-color":"var(--ast-global-color-4)","background-image":"","background-repeat":"repeat","background-position":"center center","background-size":"auto","background-attachment":"scroll","background-type":"","background-media":"","overlay-type":"","overlay-color":"","overlay-opacity":"","overlay-gradient":""},"tablet":{"background-color":"var(--ast-global-color-4)","background-image":"","background-repeat":"repeat","background-position":"center center","background-size":"auto","background-attachment":"scroll","background-type":"","background-media":"","overlay-type":"","overlay-color":"","overlay-opacity":"","overlay-gradient":""},"mobile":{"background-color":"var(--ast-global-color-4)","background-image":"","background-repeat":"repeat","background-position":"center center","background-size":"auto","background-attachment":"scroll","background-type":"","background-media":"","overlay-type":"","overlay-color":"","overlay-opacity":"","overlay-gradient":""}},"footnotes":""},"class_list":["post-75","page","type-page","status-publish","hentry"],"uagb_featured_image_src":{"full":false,"thumbnail":false,"medium":false,"medium_large":false,"large":false,"1536x1536":false,"2048x2048":false},"uagb_author_info":{"display_name":"admin","author_link":"https:\/\/cubswp.com\/nautilusprueba\/author\/admin_nautilusprueba\/"},"uagb_comment_info":0,"uagb_excerpt":"Nuestro cat\u00e1logo de viajes recomendados Encuentra aqu\u00ed el viaje que est\u00e1s buscando\u2026 El tesoro del Caribe: Jamaica Paisaje, las monta\u00f1as azules, playas paradis\u00edacas, cultura, gastronom\u00eda y mucho m\u00e1s\u2026 Vive el Sahara: como un Beduino Duerme en el Sahara y descubre Atl Ben Hadouu. Cruza la cordillera del Atllas y las dunas de El tesoro del&hellip;","_links":{"self":[{"href":"https:\/\/cubswp.com\/nautilusprueba\/wp-json\/wp\/v2\/pages\/75","targetHints":{"allow":["GET"]}}],"collection":[{"href":"https:\/\/cubswp.com\/nautilusprueba\/wp-json\/wp\/v2\/pages"}],"about":[{"href":"https:\/\/cubswp.com\/nautilusprueba\/wp-json\/wp\/v2\/types\/page"}],"author":[{"embeddable":true,"href":"https:\/\/cubswp.com\/nautilusprueba\/wp-json\/wp\/v2\/users\/1"}],"replies":[{"embeddable":true,"href":"https:\/\/cubswp.com\/nautilusprueba\/wp-json\/wp\/v2\/comments?post=75"}],"version-history":[{"count":14,"href":"https:\/\/cubswp.com\/nautilusprueba\/wp-json\/wp\/v2\/pages\/75\/revisions"}],"predecessor-version":[{"id":113,"href":"https:\/\/cubswp.com\/nautilusprueba\/wp-json\/wp\/v2\/pages\/75\/revisions\/113"}],"wp:attachment":[{"href":"https:\/\/cubswp.com\/nautilusprueba\/wp-json\/wp\/v2\/media?parent=75"}],"curies":[{"name":"wp","href":"https:\/\/api.w.org\/{rel}","templated":true}]}}